{"id":207654,"date":"2026-03-28T12:42:05","date_gmt":"2026-03-28T12:42:05","guid":{"rendered":"https:\/\/migensearch.com\/kids\/product\/avakids-ta-dan-huggies-skin-perfect-size-m-giao-bao-bi-cong-mieng-ngau-nhien\/"},"modified":"2026-04-04T07:52:03","modified_gmt":"2026-04-04T07:52:03","slug":"avakids-ta-dan-huggies-skin-perfect-size-m-giao-bao-bi-cong-mieng-ngau-nhien","status":"publish","type":"product","link":"https:\/\/migensearch.com\/kids\/product\/avakids-ta-dan-huggies-skin-perfect-size-m-giao-bao-bi-cong-mieng-ngau-nhien\/","title":{"rendered":"T\u00e3 d\u00e1n Huggies Skin Perfect size M &#8211; Giao bao b\u00ec c\u1ed9ng mi\u1ebfng ng\u1eabu nhi\u00ean"},"content":{"rendered":"<p>https:\/\/www.avakids.com\/ta-cho-be<\/p>\n","protected":false},"excerpt":{"rendered":"<p>https:\/\/www.avakids.com\/ta-cho-be<\/p>\n","protected":false},"featured_media":999980000002076540,"comment_status":"open","ping_status":"closed","template":"","meta":[],"store":[161],"product_brand":[],"product_cat":[102,93],"product_tag":[143],"class_list":{"0":"post-207654","1":"product","2":"type-product","3":"status-publish","4":"has-post-thumbnail","6":"store-huggies","7":"product_cat-bim-ta-cho-be","8":"product_cat-ta-dan","9":"product_tag-size-m","11":"first","12":"instock","13":"shipping-taxable","14":"product-type-external"},"_links":{"self":[{"href":"https:\/\/migensearch.com\/kids\/wp-json\/wp\/v2\/product\/207654","targetHints":{"allow":["GET"]}}],"collection":[{"href":"https:\/\/migensearch.com\/kids\/wp-json\/wp\/v2\/product"}],"about":[{"href":"https:\/\/migensearch.com\/kids\/wp-json\/wp\/v2\/types\/product"}],"replies":[{"embeddable":true,"href":"https:\/\/migensearch.com\/kids\/wp-json\/wp\/v2\/comments?post=207654"}],"wp:featuredmedia":[{"embeddable":true,"href":"https:\/\/migensearch.com\/kids\/wp-json\/"}],"wp:attachment":[{"href":"https:\/\/migensearch.com\/kids\/wp-json\/wp\/v2\/media?parent=207654"}],"wp:term":[{"taxonomy":"store","embeddable":true,"href":"https:\/\/migensearch.com\/kids\/wp-json\/wp\/v2\/store?post=207654"},{"taxonomy":"product_brand","embeddable":true,"href":"https:\/\/migensearch.com\/kids\/wp-json\/wp\/v2\/product_brand?post=207654"},{"taxonomy":"product_cat","embeddable":true,"href":"https:\/\/migensearch.com\/kids\/wp-json\/wp\/v2\/product_cat?post=207654"},{"taxonomy":"product_tag","embeddable":true,"href":"https:\/\/migensearch.com\/kids\/wp-json\/wp\/v2\/product_tag?post=207654"}],"curies":[{"name":"wp","href":"https:\/\/api.w.org\/{rel}","templated":true}]}}