{"id":208053,"date":"2026-03-28T12:45:07","date_gmt":"2026-03-28T12:45:07","guid":{"rendered":"https:\/\/migensearch.com\/kids\/product\/snb-hop-dung-tiet-trung-trong-lo-vi-song-betta-mau-vang-chanh\/"},"modified":"2026-04-04T07:41:43","modified_gmt":"2026-04-04T07:41:43","slug":"snb-hop-dung-tiet-trung-trong-lo-vi-song-betta-mau-vang-chanh","status":"publish","type":"product","link":"https:\/\/migensearch.com\/kids\/product\/snb-hop-dung-tiet-trung-trong-lo-vi-song-betta-mau-vang-chanh\/","title":{"rendered":"H\u1ed9p \u0111\u1ef1ng ti\u1ec7t tr\u00f9ng trong l\u00f2 vi s\u00f3ng Betta m\u00e0u v\u00e0ng chanh"},"content":{"rendered":"<p>https:\/\/snbshop.vn\/collections\/binh-sua<\/p>\n","protected":false},"excerpt":{"rendered":"<p>https:\/\/snbshop.vn\/collections\/binh-sua<\/p>\n","protected":false},"featured_media":999980000002080530,"comment_status":"open","ping_status":"closed","template":"","meta":[],"store":[345],"product_brand":[],"product_cat":[198],"product_tag":[54],"class_list":{"0":"post-208053","1":"product","2":"type-product","3":"status-publish","4":"has-post-thumbnail","6":"store-betta-brain","7":"product_cat-binh-sua","8":"product_tag-soc-brothers","10":"first","11":"instock","12":"shipping-taxable","13":"product-type-external"},"_links":{"self":[{"href":"https:\/\/migensearch.com\/kids\/wp-json\/wp\/v2\/product\/208053","targetHints":{"allow":["GET"]}}],"collection":[{"href":"https:\/\/migensearch.com\/kids\/wp-json\/wp\/v2\/product"}],"about":[{"href":"https:\/\/migensearch.com\/kids\/wp-json\/wp\/v2\/types\/product"}],"replies":[{"embeddable":true,"href":"https:\/\/migensearch.com\/kids\/wp-json\/wp\/v2\/comments?post=208053"}],"wp:featuredmedia":[{"embeddable":true,"href":"https:\/\/migensearch.com\/kids\/wp-json\/"}],"wp:attachment":[{"href":"https:\/\/migensearch.com\/kids\/wp-json\/wp\/v2\/media?parent=208053"}],"wp:term":[{"taxonomy":"store","embeddable":true,"href":"https:\/\/migensearch.com\/kids\/wp-json\/wp\/v2\/store?post=208053"},{"taxonomy":"product_brand","embeddable":true,"href":"https:\/\/migensearch.com\/kids\/wp-json\/wp\/v2\/product_brand?post=208053"},{"taxonomy":"product_cat","embeddable":true,"href":"https:\/\/migensearch.com\/kids\/wp-json\/wp\/v2\/product_cat?post=208053"},{"taxonomy":"product_tag","embeddable":true,"href":"https:\/\/migensearch.com\/kids\/wp-json\/wp\/v2\/product_tag?post=208053"}],"curies":[{"name":"wp","href":"https:\/\/api.w.org\/{rel}","templated":true}]}}