{"id":208742,"date":"2026-03-28T12:56:58","date_gmt":"2026-03-28T12:56:58","guid":{"rendered":"https:\/\/migensearch.com\/kids\/product\/sakukostore-merries-bim-ta-cho-be-sieu-tham-hut-xl-382-mieng\/"},"modified":"2026-04-12T14:33:33","modified_gmt":"2026-04-12T14:33:33","slug":"sakukostore-merries-bim-ta-cho-be-sieu-tham-hut-xl-382-mieng","status":"publish","type":"product","link":"https:\/\/migensearch.com\/kids\/product\/sakukostore-merries-bim-ta-cho-be-sieu-tham-hut-xl-382-mieng\/","title":{"rendered":"MERRIES- B\u1ec9m t\u00e3 cho b\u00e9 si\u00eau th\u00e2m h\u00fat XL 38+2 Mi\u1ebfng"},"content":{"rendered":"<p>https:\/\/sakukostore.com.vn\/collections\/bim<\/p>\n","protected":false},"excerpt":{"rendered":"<p>https:\/\/sakukostore.com.vn\/collections\/bim<\/p>\n","protected":false},"featured_media":999980000002087420,"comment_status":"open","ping_status":"closed","template":"","meta":[],"store":[],"product_brand":[],"product_cat":[63],"product_tag":[145],"class_list":{"0":"post-208742","1":"product","2":"type-product","3":"status-publish","4":"has-post-thumbnail","6":"product_cat-bim-ta-chua-phan-loai","7":"product_tag-size-xl","9":"first","10":"instock","11":"sale","12":"shipping-taxable","13":"product-type-external"},"_links":{"self":[{"href":"https:\/\/migensearch.com\/kids\/wp-json\/wp\/v2\/product\/208742","targetHints":{"allow":["GET"]}}],"collection":[{"href":"https:\/\/migensearch.com\/kids\/wp-json\/wp\/v2\/product"}],"about":[{"href":"https:\/\/migensearch.com\/kids\/wp-json\/wp\/v2\/types\/product"}],"replies":[{"embeddable":true,"href":"https:\/\/migensearch.com\/kids\/wp-json\/wp\/v2\/comments?post=208742"}],"wp:featuredmedia":[{"embeddable":true,"href":"https:\/\/migensearch.com\/kids\/wp-json\/"}],"wp:attachment":[{"href":"https:\/\/migensearch.com\/kids\/wp-json\/wp\/v2\/media?parent=208742"}],"wp:term":[{"taxonomy":"store","embeddable":true,"href":"https:\/\/migensearch.com\/kids\/wp-json\/wp\/v2\/store?post=208742"},{"taxonomy":"product_brand","embeddable":true,"href":"https:\/\/migensearch.com\/kids\/wp-json\/wp\/v2\/product_brand?post=208742"},{"taxonomy":"product_cat","embeddable":true,"href":"https:\/\/migensearch.com\/kids\/wp-json\/wp\/v2\/product_cat?post=208742"},{"taxonomy":"product_tag","embeddable":true,"href":"https:\/\/migensearch.com\/kids\/wp-json\/wp\/v2\/product_tag?post=208742"}],"curies":[{"name":"wp","href":"https:\/\/api.w.org\/{rel}","templated":true}]}}